 Let g be f(5). Calculate v(g).
-11
Let y(d) be the second derivative of -d - 1/12*d**4 - 2/3*d**3 + 0 - 5/2*d**2. Let z = -188 - -184. Determine y(z).
-5
Let a(d) be the third derivative of -d**4/24 - d**3/3 + 83*d**2 + 3. Let h = -4 - 2. What is a(h)?
4
Let k(w) = -2*w - 2. Let d be k(-9). Suppose d - 6 = 2*g. Let o(m) = 0 + m - m**2 - m - 4 + 6*m. Give o(g).
1
Let u(q) = q**2 - 9*q + 13. Let c be (-10)/(-4) + 840/240. Determine u(c).
-5
Let f(n) = -n**2 - 4*n - 2. Let u(d) = 7*d + 4. Let a(r) = 2*f(r) + u(r). Determine a(-2).
-6
Let v(f) = -f**2 - 4*f + 3. Suppose 4*l - a + 38 = 5*a, 5*l - 3*a = -34. What is v(l)?
-2
Suppose -2*l = 3*i + 11, 2*i + 4*l - 8 + 18 = 0. Let d(g) = -g**2 + 11. Calculate d(i).
2
Suppose 0 = -2*h + 5 + 11. Let w(p) = -15 - 5*p - h + 24. Give w(2).
-9
Let y(z) = 7*z + z**2 - 29*z + 7 + 38*z. Determine y(-15).
-8
Let l(n) be the first derivative of 4*n**2 + n - 27. Determine l(2).
17
Let c(s) = s**2 + 8*s - 2. Suppose -29*w = 176 + 85. Give c(w).
7
Let w(d) = d**2. Suppose -5*z + 9 = -3*s - 16, 2*s = z - 12. Suppose 2*g - z*h + 10 = -0*h, h = 2*g + 9. Calculate w(g).
16
Let t = -771 - -766. Let z(v) = 5*v + 1. Give z(t).
-24
Let g(y) = -2*y**2 + 21*y - 1. Let l(t) = t**2 - 10*t. Let u(j) = 6*g(j) + 13*l(j). Calculate u(6).
6
Let l = -15 - -10. Let s(f) = 4*f**2 + f + 2. Let m(p) = 3*p**2 + 2*p + 1. Let o(y) = l*m(y) + 4*s(y). Give o(5).
-2
Let i(q) = -q**2 - 2*q + 2. Suppose 3*n - 25 = 8*n. Let h be 9/((-45)/(-2))*n. What is i(h)?
2
Let y(b) = -b**3 - 5*b**2 + b + 4. Let d be (-8)/(-52) - 8722/(-91). Let n = d + -101. Determine y(n).
-1
Let q be (-1)/(0/1 + 1). Let b(j) be the first derivative of -5*j**3/3 - j**2/2 + 1533. Give b(q).
-4
Let w(c) = c**3 - 17 + 12*c**3 - 10*c**3 - 2*c**3. Determine w(0).
-17
Let j(t) = 3*t**2 + 35*t + 113. Let x be j(-6). Let u(l) = 2*l - 8. Determine u(x).
14
Let q be 8/12 + 52/12. Let w(z) = z**2 + 0*z**3 + z**2 + q*z - z**3 + 1. Determine w(4).
-11
Let p(b) = -b**3 + 4 + 4*b**2 + b**2 - 32*b + 30*b. Suppose -4*w + 19 = 4*t - t, 0 = -4*t + 4*w + 16. Determine p(t).
-6
Let n = 63 - 58. Let j(i) be the first derivative of i**4/12 - 5*i**3/6 - i**2 - 2*i + 4. Let m(q) be the first derivative of j(q). Calculate m(n).
-2
Let b(a) = -a**2 + 8*a - 5. Let x(f) = f**3 - 9*f**2 + 7*f + 15. Let g be x(8). Determine b(g).
2
Let i(s) = -s**3 - 4*s**2 + s + 1. Let g = 1 - -26. Let l = g - 32. Calculate i(l).
21
Let g(u) be the third derivative of u**6/120 - 3*u**5/20 - 7*u**4/24 - u**3/2 - 525*u**2. What is g(10)?
27
Let m(s) = -4*s**3 - 12*s**2 - 15*s - 11. Let i(u) = -14 + 0 - 3 + 6 - 12*u**2 - 5*u**3 - 16*u. Let x(b) = 3*i(b) - 4*m(b). Give x(-11).
0
Let n(p) = -p + 1. Let r = -1267 + 1276. Let c(v) = 0 - 3 + 0 + v - 9*v**2 + v**3. Let k be c(r). What is n(k)?
-5
Let t(y) = -y - 2. Let a = 521 + -522. Give t(a).
-1
Let j(m) = 3*m**3 - 38*m**2 + 15*m - 10. Let l(a) = -2*a**3 + 32*a**2 - 15*a + 10. Let f(p) = -3*j(p) - 4*l(p). Give f(-15).
-10
Suppose -3*h + 99 = -3*u, -3*u + 2*u = -5*h + 169. Let d = h + -30. Let l(c) = 4*c - 6. Give l(d).
10
Suppose 2*u + 4*k = 0, 0 = 3*u - 4*k + k - 9. Let d(y) = -34*y - y**2 - y**2 + 33*y + 6*y**u. What is d(-1)?
5
Let j(s) be the second derivative of -4*s**5/5 + s**4/6 - s**2/2 - 89*s. Determine j(1).
-15
Let b(d) = -99 + 51 - 3*d**2 + 4*d**2 + 50 + 4*d. Let i(t) = -6*t**2 - 21*t - 11. Let q(y) = -11*b(y) - 2*i(y). Determine q(-2).
8
Let c(i) = 1 - 3*i**2 - 3*i - 3 + i**2 - 1. Suppose 3*j - 3 + 9 = 0. Give c(j).
-5
Let p(f) = 4*f**2 - f**3 - 2332*f + 2328*f + 3 + 0*f**3. What is p(4)?
-13
Let y be (14/3 + -4)*-12. Let x(d) = d**2 + 9*d - 1. Give x(y).
-9
Let a(b) = b + 10. Let i be a(-4). Let k(v) be the second derivative of v**5/20 - 7*v**4/12 + 5*v**3/6 - 5*v**2/2 + 6*v. Determine k(i).
-11
Let z be (-27)/(-5) - (-6)/(-15). Suppose z*y = -6 + 26. Let c(w) = -1 - 29 + 21 + w. Give c(y).
-5
Suppose -17*y = 9*y + 156. Let g(b) be the first derivative of -b**4/4 - 5*b**3/3 + 4*b**2 + 5*b + 4. What is g(y)?
-7
Let j(t) = -12*t + 4. Suppose -7*b - 10 = -4*s - 5*b, -4*s - 3*b + 25 = 0. What is j(s)?
-44
Let r(l) = 2*l + 4*l**2 - 3*l - 5*l**2 - 5*l. Give r(-7).
-7
Let m(p) = -p**3 - 6*p**2 + 8*p + 6. Suppose w + 26 = -4*y, -y = -4*y + 3*w - 27. What is m(y)?
-1
Suppose 5*m - 2*m = 0. Suppose 5*b = -6 + 41. Let w(r) = 1 + m - b - 2*r - r. Give w(-4).
6
Let w(r) be the third derivative of r**4/24 - r**3/6 + 54*r**2. Calculate w(12).
11
Let t(n) = -10*n**2 + 3*n + 3. Let u(s) = 21*s**2 - 6*s - 6. Let o(z) = 13*t(z) + 6*u(z). Calculate o(-2).
-19
Let w(v) = v + 6. Let z be w(-8). Let y(d) = -1 + 6*d - 2 - 6 - 2 + 14. Calculate y(z).
-9
Let g(m) be the third derivative of -m**4/4 + m**3/2 + 6*m**2. Let z(a) = a. Let r(s) = g(s) + 5*z(s). Give r(5).
-2
Let i(t) = -t + 5. Let n(v) = -5*v - 5. Let s(p) = 2*p + 2. Let c(x) = 3*n(x) + 7*s(x). Let h(f) = 2*c(f) - i(f). Let g = 177 - 172. What is h(g)?
-12
Let p(y) = y + 2. Let h = 138 + -96. Let t = -47 + h. Determine p(t).
-3
Let l(r) = r**3 - 11*r**2 + 11*r - 4. Suppose 9*b - 10 = -3*a + 5*b, a + b = 5. Determine l(a).
6
Let x(v) be the third derivative of -v**6/120 - v**5/30 + 5*v**4/24 - v**3/3 + 99*v**2. Calculate x(-4).
10
Let f = -2 - -6. Suppose h - p = -2, 10 = h + f*p + p. Suppose h = -2*d + 5 + 11. Let t(c) = -c**2 + 8*c - 4. Calculate t(d).
-4
Let z(q) = q - 12. Let k be z(12). Let r(c) = 3*c**2 - 2*c**3 + k*c**2 - c + 0*c - c. What is r(2)?
-8
Let c(h) = -6*h**3 - 1 - h**2 + 7*h**3 + 3*h - 2*h - 7 - 3. Determine c(0).
-11
Let k(h) = -4*h**3 + h**2 + h. Suppose -n + 5*n = 20. Suppose 6*w + n = w. Give k(w).
4
Let n(j) = -j**2 - 11*j + 12. Let v be n(-12). Suppose v*w - w - 22 = -5*u, -w + 2*u = 10. Let x(t) = -3*t - 3. Calculate x(w).
3
Let d(b) be the third derivative of b**4/24 - 5*b**3/6 + 4*b**2. Let m be d(7). Let c(k) = -4*k + m*k**3 + 2*k - 4*k**2 - 3*k**3 + 2. What is c(-3)?
-1
Let x(j) = 93 + 90 + 2*j + 0*j + 94 - 285. Let g = -10 - -18. Calculate x(g).
8
Let w(a) = -a**3 + 6*a**2 + 18*a - 20. Suppose 3*v - 8 = -h, 2*h + 4*v - 163 + 147 = 0. Give w(h).
-4
Let k(d) = 11*d**2 + 21*d - 16. Let m(f) = 5*f**2 + 10*f - 8. Let s(q) = -4*k(q) + 9*m(q). Let c(h) = h + 4. Let a be c(-2). Suppose y + 18 = -a*y. Give s(y).
-8
Let b(h) = 16*h**3 + 3*h**2 + 3*h + 1. Let c(o) = 43*o**3 + 10*o**2 + 10*o + 3. Let x(d) = -8*b(d) + 3*c(d). What is x(-4)?
9
Suppose j = -6*j + 7. Let r(c) = -1 - 2 - j + 8*c + 3. What is r(-1)?
-9
Let t(v) = 16*v - 48. Let o be t(3). Let u(m) = -m - 2 + 4 - 9. Give u(o).
-7
Let m(w) = -11*w**3 + w**2 - 2*w + 1. Let c(n) = 4*n + 30. Let g be c(0). Let h = g - 29. What is m(h)?
-11
Let h(f) = f + 3. Suppose -4*i - 2*q + 38 = 0, 0 = -3*i + 4*q + 28 - 5. Suppose 5*y - i = 1. Suppose -y*x + 7*x = -10. Give h(x).
1
Suppose -3*s - 12 = -3. Let x(q) be the first derivative of -q**2 + 4*q + 714. Determine x(s).
10
Let d(i) be the second derivative of -7*i**4/12 + i**3/6 + i**2 - 2*i - 99. Determine d(-2).
-28
Let c(y) be the third derivative of -y**4/24 + y**3/6 - 2*y**2. Let i(a) = a**3 + 17*a**2 + a + 20. Let h be i(-17). Give c(h).
-2
Suppose -4*d - 1 = k, 5*k - 3 = -8. Let s(o) be the second derivative of 11/20*o**5 - 7*o + 1/6*o**3 + 0 + d*o**2 - 1/6*o**4. Give s(1).
10
Let o = 236 - 238. Let y(m) = -5*m**2 - 2*m - 2. Give y(o).
-18
Suppose 4*d - w - 2*w + 8 = 0, 0 = 4*d + w + 24. Let j(t) be the third derivative of -t**4/24 - t**3/3 + 104*t**2. Give j(d).
3
Suppose -131*c = -123*c + 8. Let q(h) = -5*h**2 + 2*h + 2. Determine q(c).
-5
Let v(t) = -t**2 + 7*t - 3. Let x be (-6)/21 - 148/(-28). What is v(x)?
7
Suppose -35 = 58*l - 53*l. Let h(y) = -y**3 - 6*y**2 + 7*y + 2. What is h(l)?
2
Let p = 33 + -33. Suppose 2 = -5*t + 17. Let y = t - p. Let n(s) = s**2 - s - 2. Calculate n(y).
4
Let g(t) = -t**3 - 7*t**2 + 7*t - 4. Let z be g(-8). Let c(a) = a**2 + 0*a + z*a + 2 + 5*a + 7. What is c(-6)?
-9
Let n(c) = c**3 + 12*c**2 + 20*c + 1. Let a be n(-10). Let t(b) = 22*b + 0*b**2 - 23*b + 2*b**2 - a. Determine t(-2).
9
Let q(l) = -2*l**2 - l**3 + 8 - 3*l**2 - 5*l - 6 - 4. What is q(-3)?
-5
Let t(k) = -k**3 + 6. Let w(g) = g**3 - 9*g**2 + 23*g - 120. Let v be w(8). What is t(v)?
6
Let y be 3 + 1 + -3 + 2. Let q(d) = -d**2 + 31 - 30 - 4*d + 2*d**2. What is q(y)?
-2
Let v(i) = 0 + 1 + 78*i + 79*i - 16